{"id":526,"date":"2025-03-18T09:46:26","date_gmt":"2025-03-18T08:46:26","guid":{"rendered":"http:\/\/agence-m.com\/?post_type=product&#038;p=526"},"modified":"2025-04-02T09:22:17","modified_gmt":"2025-04-02T07:22:17","slug":"la-cause-premiere","status":"publish","type":"product","link":"https:\/\/agence-m.com\/index.php\/product\/la-cause-premiere\/","title":{"rendered":"La Cause premi\u00e8re : L\u2019Aventure humaniste"},"content":{"rendered":"<p class=\"p1\">A travers un conflit politico-religieux international, l\u2019auteur propose une peinture futuriste, \u00e0 la fois sociale et spirituelle, d\u2019une soci\u00e9t\u00e9 humaniste moderne o\u00f9 la philosophie a remplac\u00e9 la th\u00e9ologie.<\/p>\n<p class=\"p1\">Sujet : 2066, 20 ans apr\u00e8s la premi\u00e8re guerre nucl\u00e9aire de 39\/45, le continent humaniste est \u00e0 nouveau attaqu\u00e9 par un groupe de fanatiques religieux.<br \/>\nTous les personnages sont fictifs mais symboliques, car cette histoire situ\u00e9e dans un futur proche, semble plut\u00f4t se d\u00e9rouler dans un proche pass\u00e9\u2026 Un peu comme un \u00e9ternel retour\u2026<br \/>\nUniquement compos\u00e9 de dialogues, ce conte philosophique est comme un film mis en image par Beno\u00eet Delmelle.<\/p>\n<p class=\"p2\">\u00ab Cette histoire men\u00e9e \u00e0 cent \u00e0 l\u2019heure, digne d\u2019un thriller, nous plonge dans les entrelacs de la philosophie humaniste. \u00bb Laurent Schteiner : critique litt\u00e9raire.<\/p>\n","protected":false},"excerpt":{"rendered":"<p class=\"p1\">Sc\u00e9nario Marc Charbit \u2013 Illustrations Ben D<\/p>\n<p class=\"p1\">Album broch\u00e9, couverture cartonn\u00e9e,<br \/>\nformat 33\u00d724 cm, 96 pages couleurs, 55 illustrations grands format.<br \/>\nEditeur : Agence M \u2013 ISBN : 979-10-94300-00-8<\/p>\n<p class=\"p1\">Prix : 15 \u20ac<br \/>\nParticipation frais de port : 1 euro.<\/p>\n<hr \/>\n<p class=\"p1\">Format eBook PDF, 96 pages couleur<br \/>\nA lire sur tablette ou \u00e9cran pour profiter pleinement des 55 illustrations grands formats :<br \/>\nEditeur : Agence M \u2013 ISBN : 979-10-94300-01-5<br \/>\nEnvoy\u00e9 directement par email.<\/p>\n","protected":false},"featured_media":734,"template":"","meta":{"om_disable_all_campaigns":false,"_exactmetrics_skip_tracking":false,"_exactmetrics_sitenote_active":false,"_exactmetrics_sitenote_note":"","_exactmetrics_sitenote_category":0,"_monsterinsights_skip_tracking":false,"_monsterinsights_sitenote_active":false,"_monsterinsights_sitenote_note":"","_monsterinsights_sitenote_category":0,"_uf_show_specific_survey":0,"_uf_disable_surveys":false},"product_brand":[],"product_cat":[23,22],"product_tag":[],"class_list":{"0":"post-526","1":"product","2":"type-product","3":"status-publish","4":"has-post-thumbnail","6":"product_cat-e-book","7":"product_cat-livre","9":"first","10":"instock","11":"shipping-taxable","12":"purchasable","13":"product-type-variable"},"aioseo_notices":[],"_links":{"self":[{"href":"https:\/\/agence-m.com\/index.php\/wp-json\/wp\/v2\/product\/526","targetHints":{"allow":["GET"]}}],"collection":[{"href":"https:\/\/agence-m.com\/index.php\/wp-json\/wp\/v2\/product"}],"about":[{"href":"https:\/\/agence-m.com\/index.php\/wp-json\/wp\/v2\/types\/product"}],"wp:featuredmedia":[{"embeddable":true,"href":"https:\/\/agence-m.com\/index.php\/wp-json\/wp\/v2\/media\/734"}],"wp:attachment":[{"href":"https:\/\/agence-m.com\/index.php\/wp-json\/wp\/v2\/media?parent=526"}],"wp:term":[{"taxonomy":"product_brand","embeddable":true,"href":"https:\/\/agence-m.com\/index.php\/wp-json\/wp\/v2\/product_brand?post=526"},{"taxonomy":"product_cat","embeddable":true,"href":"https:\/\/agence-m.com\/index.php\/wp-json\/wp\/v2\/product_cat?post=526"},{"taxonomy":"product_tag","embeddable":true,"href":"https:\/\/agence-m.com\/index.php\/wp-json\/wp\/v2\/product_tag?post=526"}],"curies":[{"name":"wp","href":"https:\/\/api.w.org\/{rel}","templated":true}]}}

La Cause première : L’Aventure humaniste

<p class="p1">A travers un conflit politico-religieux international, l’auteur propose une peinture futuriste, à la fois sociale et spirituelle, d’une société humaniste moderne où la philosophie a remplacé la théologie.</p>
<p class="p1">Sujet : 2066, 20 ans après la première guerre nucléaire de 39/45, le continent humaniste est à nouveau attaqué par un groupe de fanatiques religieux.<br />
Tous les personnages sont fictifs mais symboliques, car cette histoire située dans un futur proche, semble plutôt se dérouler dans un proche passé… Un peu comme un éternel retour…<br />
Uniquement composé de dialogues, ce conte philosophique est comme un film mis en image par Benoît Delmelle.</p>
<p class="p2">« Cette histoire menée à cent à l’heure, digne d’un thriller, nous plonge dans les entrelacs de la philosophie humaniste. » Laurent Schteiner : critique littéraire.</p>

<p class="p1">Scénario Marc Charbit – Illustrations Ben D</p>
<p class="p1">Album broché, couverture cartonnée,<br />
format 33×24 cm, 96 pages couleurs, 55 illustrations grands format.<br />
Editeur : Agence M – ISBN : 979-10-94300-00-8</p>
<p class="p1">Prix : 15 €<br />
Participation frais de port : 1 euro.</p>
<hr />
<p class="p1">Format eBook PDF, 96 pages couleur<br />
A lire sur tablette ou écran pour profiter pleinement des 55 illustrations grands formats :<br />
Editeur : Agence M – ISBN : 979-10-94300-01-5<br />
Envoyé directement par email.</p>
