{"id":547,"date":"2025-03-18T15:38:26","date_gmt":"2025-03-18T14:38:26","guid":{"rendered":"http:\/\/agence-m.com\/?post_type=product&#038;p=547"},"modified":"2025-03-29T15:13:44","modified_gmt":"2025-03-29T14:13:44","slug":"perception-du-present","status":"publish","type":"product","link":"https:\/\/agence-m.com\/index.php\/product\/perception-du-present\/","title":{"rendered":"Perception du pr\u00e9sent : La dur\u00e9e de Bergson ou l\u2019instant de Bachelard ?"},"content":{"rendered":"<p class=\"p1\">La perception du pr\u00e9sent est une donn\u00e9e imm\u00e9diate, cette sensation provient de la relation de mon corps et des choses qui m\u2019entourent. Elle s\u2019accompagne d&rsquo;une conscience de la r\u00e9alit\u00e9.<br \/>\nLe temps pr\u00e9sent reste malgr\u00e9 tout, une \u00e9nigme. Nous n\u2019avons pas d\u2019organe pour percevoir le temps. Sa d\u00e9finition est souvent le r\u00e9sultat d\u2019une intuition personnelle.<br \/>\nDans cet ouvrage, nous verrons que l\u2019intuition de Bergson qui d\u00e9finit le temps comme une dur\u00e9e, n\u2019est pas la m\u00eame que celle de Bachelard qui le d\u00e9finit comme une succession d\u2019instants. Nous examinerons les rouages de leurs intuitions et raisonnements respectifs.<\/p>\n","protected":false},"excerpt":{"rendered":"<p>De Marc Charbit<\/p>\n<p class=\"p1\">Format eBook PDF, format 21\u00d729,5 cm,<\/p>\n<p class=\"p1\">Editeur : Agence M \u2013 ISBN : 979-10-94300-09-1.<\/p>\n<p class=\"p1\">Envoy\u00e9 directement par email<\/p>\n","protected":false},"featured_media":725,"template":"","meta":{"om_disable_all_campaigns":false,"_exactmetrics_skip_tracking":false,"_exactmetrics_sitenote_active":false,"_exactmetrics_sitenote_note":"","_exactmetrics_sitenote_category":0,"_monsterinsights_skip_tracking":false,"_monsterinsights_sitenote_active":false,"_monsterinsights_sitenote_note":"","_monsterinsights_sitenote_category":0,"_uf_show_specific_survey":0,"_uf_disable_surveys":false},"product_brand":[],"product_cat":[23],"product_tag":[],"class_list":{"0":"post-547","1":"product","2":"type-product","3":"status-publish","4":"has-post-thumbnail","6":"product_cat-e-book","8":"first","9":"instock","10":"downloadable","11":"shipping-taxable","12":"purchasable","13":"product-type-simple"},"aioseo_notices":[],"_links":{"self":[{"href":"https:\/\/agence-m.com\/index.php\/wp-json\/wp\/v2\/product\/547","targetHints":{"allow":["GET"]}}],"collection":[{"href":"https:\/\/agence-m.com\/index.php\/wp-json\/wp\/v2\/product"}],"about":[{"href":"https:\/\/agence-m.com\/index.php\/wp-json\/wp\/v2\/types\/product"}],"wp:featuredmedia":[{"embeddable":true,"href":"https:\/\/agence-m.com\/index.php\/wp-json\/wp\/v2\/media\/725"}],"wp:attachment":[{"href":"https:\/\/agence-m.com\/index.php\/wp-json\/wp\/v2\/media?parent=547"}],"wp:term":[{"taxonomy":"product_brand","embeddable":true,"href":"https:\/\/agence-m.com\/index.php\/wp-json\/wp\/v2\/product_brand?post=547"},{"taxonomy":"product_cat","embeddable":true,"href":"https:\/\/agence-m.com\/index.php\/wp-json\/wp\/v2\/product_cat?post=547"},{"taxonomy":"product_tag","embeddable":true,"href":"https:\/\/agence-m.com\/index.php\/wp-json\/wp\/v2\/product_tag?post=547"}],"curies":[{"name":"wp","href":"https:\/\/api.w.org\/{rel}","templated":true}]}}