{"id":552,"date":"2025-03-18T15:40:10","date_gmt":"2025-03-18T14:40:10","guid":{"rendered":"http:\/\/agence-m.com\/?post_type=product&#038;p=552"},"modified":"2025-03-29T15:08:57","modified_gmt":"2025-03-29T14:08:57","slug":"recueil-de-textes-philosophiques","status":"publish","type":"product","link":"https:\/\/agence-m.com\/index.php\/product\/recueil-de-textes-philosophiques\/","title":{"rendered":"Recueil de textes philosophiques\u00a0"},"content":{"rendered":"<p class=\"p1\"><b>La Guerre des sexes\u00a0: nature ou culture\u00a0?<br \/>\n<\/b>Dans la premi\u00e8re partie nous tenterons de r\u00e9pondre \u00e0 la question\u00a0:\u00a0pourquoi parmi les 5000 esp\u00e8ces de mammif\u00e8res, seuls une dizaine ont une structure sociale matriarcale\u00a0?<br \/>\nDans la deuxi\u00e8me partie, nous analyserons l\u2019humain qui est un animal particulier. Gr\u00e2ce \u00e0 sa conscience r\u00e9flexive, il acquiert un degr\u00e9 de libert\u00e9 suppl\u00e9mentaire, lui permettant de s\u2019extraire peu \u00e0 peu de loi du plus fort, commune au r\u00e8gne animal.<\/p>\n<p class=\"p1\"><b>La Spiritualit\u00e9 humaniste<br \/>\n<\/b>Qu\u2019est-ce que la spiritualit\u00e9\u00a0? Est-elle uniquement r\u00e9serv\u00e9e \u00e0 la religion\u00a0? La spiritualit\u00e9 consiste en l\u2019acceptation par une communaut\u00e9 de gents, \u00e0 certaines valeurs morales qu\u2019elles soient divines ou humaines. <span class=\"s1\">Elle est cens\u00e9e permettre aux hommes de vivre en harmonie au sein d\u2019une collectivit\u00e9. <\/span>Les valeurs humanistes pourraient servir de bases \u00e0 une spiritualit\u00e9 commune.<\/p>\n<p class=\"p1\"><b>Empathie, spiritualit\u00e9 et mysticisme<br \/>\n<\/b>Dans ce texte, l\u2019auteur soutient l\u2019hypoth\u00e8se que ces trois \u00e9motions\u00a0: \u00ab\u00a0empathie, spiritualit\u00e9 et mysticisme\u00a0\u00bb, sont de m\u00eame nature, ce n\u2019est qu\u2019une diff\u00e9rence de degr\u00e9s qui les s\u00e9pare.<br \/>\nIl affirme que la diff\u00e9rence de degr\u00e9s qui s\u00e9parent ces trois \u00e9motions est en lien direct avec la construction de l\u2019ego de chaque individu. Il donne ainsi une explication psychologique au mysticisme, sans aucun lien avec une quelconque divinit\u00e9.<br \/>\nCes \u00e9motions sont produites par l\u2019esprit humain \u00e0 partir de certaines croyances.<\/p>\n<p class=\"p5\"><b>Le destin psychologique<br \/>\n<\/b>En ce qui concerne le profil \u00e9motionnel, ou le \u00ab\u00a0caract\u00e8re\u00a0\u00bb de chacun, nous savons maintenant que tout se joue avant 10 ans. C\u2019est ce profil \u00e9motionnel qui dessinera notre destin social au cours de notre vie, quelque soit notre niveau de culture ou de connaissances, notre comportement sera toujours li\u00e9 \u00e0 notre caract\u00e8re.<br \/>\nL\u2019enfant, comme tous les mammif\u00e8res, apprend par mim\u00e9tisme, il reproduit dans ses jeux le comportement de ses parents. Peut-on sortir de ce conditionnement\u00a0? De ce cycle\u00a0perp\u00e9tuel qui nous enferme parfois dans des cercles vicieux ou des comportements contradictoires\u00a0?<\/p>\n<p class=\"p5\"><b>Le savoir et la croyance<br \/>\n<\/b>Il existe plusieurs degr\u00e9 du \u00ab Croire \u00bb. De la simple opinion personnelle et subjectif, aux v\u00e9rit\u00e9s partag\u00e9es par tous. Il y a une inter-subjectivit\u00e9 qui conforte notre croyance. On accepte pour vrai, une proposition sans avoir la certitude de sa v\u00e9rit\u00e9.<br \/>\nMais ces croyances peuvent se modifier selon les \u00e9poques et les d\u00e9couvertes scientifiques. Il existe parfois des blocages d\u2019ordre psychologique, qui nous oblige \u00e0 r\u00e9futer ou \u00e0 oublier les faits scientifiques, pour s\u2019accrocher d\u00e9sesp\u00e9r\u00e9ment \u00e0 sa croyance. La logique d\u2019un argument est alors biais\u00e9e, presque inconsciemment, par la croyance.<\/p>\n<p class=\"p5\"><b>Le juif ath\u00e9e<br \/>\n<\/b>L\u2019auteur \u00e9voque son parcours personnel et son \u00e9volution sceptique face aux croyances religieuses. C\u2019est pour lui, l\u2019occasion de retracer les 2000 ans d\u2019histoire du peuple juif.<\/p>\n<p class=\"p5\"><b>La Paix universelle<br \/>\n<\/b>De tout temps, les \u00e9tats se sont fait la guerre pour la domination et la possession des richesses. Les conflits d\u2019int\u00e9r\u00eats les poussent \u00e0 l\u2019affrontement arm\u00e9. Chaque \u00e9tat se sent menac\u00e9 et doit se pr\u00e9parer au conflit, dans une sorte de parano\u00efa collective.<br \/>\nAu XVIIIe si\u00e8cle, dans \u00ab Pour une paix perp\u00e9tuelle \u00bb, Kant explique que la recherche de la paix est un imp\u00e9ratif moral de la raison. Il voit dans la progression des Lumi\u00e8res les signes encourageants d&rsquo;une marche en avant vers les conditions d&rsquo;une paix perp\u00e9tuelle.<\/p>\n","protected":false},"excerpt":{"rendered":"<p>De Marc Charbit<\/p>\n<p class=\"p1\">Format eBook PDF, format 21\u00d729,5 cm,<\/p>\n<p class=\"p1\">Editeur : Agence M \u2013 ISBN : 979-10-94300-12-1.<\/p>\n<p class=\"p1\">Version e.book PDF : 3\u20ac<\/p>\n<p class=\"p1\">Envoy\u00e9 directement par email<\/p>\n","protected":false},"featured_media":726,"template":"","meta":{"om_disable_all_campaigns":false,"_exactmetrics_skip_tracking":false,"_exactmetrics_sitenote_active":false,"_exactmetrics_sitenote_note":"","_exactmetrics_sitenote_category":0,"_monsterinsights_skip_tracking":false,"_monsterinsights_sitenote_active":false,"_monsterinsights_sitenote_note":"","_monsterinsights_sitenote_category":0,"_uf_show_specific_survey":0,"_uf_disable_surveys":false},"product_brand":[],"product_cat":[23],"product_tag":[],"class_list":{"0":"post-552","1":"product","2":"type-product","3":"status-publish","4":"has-post-thumbnail","6":"product_cat-e-book","8":"first","9":"instock","10":"downloadable","11":"shipping-taxable","12":"purchasable","13":"product-type-simple"},"aioseo_notices":[],"_links":{"self":[{"href":"https:\/\/agence-m.com\/index.php\/wp-json\/wp\/v2\/product\/552","targetHints":{"allow":["GET"]}}],"collection":[{"href":"https:\/\/agence-m.com\/index.php\/wp-json\/wp\/v2\/product"}],"about":[{"href":"https:\/\/agence-m.com\/index.php\/wp-json\/wp\/v2\/types\/product"}],"wp:featuredmedia":[{"embeddable":true,"href":"https:\/\/agence-m.com\/index.php\/wp-json\/wp\/v2\/media\/726"}],"wp:attachment":[{"href":"https:\/\/agence-m.com\/index.php\/wp-json\/wp\/v2\/media?parent=552"}],"wp:term":[{"taxonomy":"product_brand","embeddable":true,"href":"https:\/\/agence-m.com\/index.php\/wp-json\/wp\/v2\/product_brand?post=552"},{"taxonomy":"product_cat","embeddable":true,"href":"https:\/\/agence-m.com\/index.php\/wp-json\/wp\/v2\/product_cat?post=552"},{"taxonomy":"product_tag","embeddable":true,"href":"https:\/\/agence-m.com\/index.php\/wp-json\/wp\/v2\/product_tag?post=552"}],"curies":[{"name":"wp","href":"https:\/\/api.w.org\/{rel}","templated":true}]}}

<p class="p1"><b>La Guerre des sexes : nature ou culture ?<br />
</b>Dans la première partie nous tenterons de répondre à la question : pourquoi parmi les 5000 espèces de mammifères, seuls une dizaine ont une structure sociale matriarcale ?<br />
Dans la deuxième partie, nous analyserons l’humain qui est un animal particulier. Grâce à sa conscience réflexive, il acquiert un degré de liberté supplémentaire, lui permettant de s’extraire peu à peu de loi du plus fort, commune au règne animal.</p>
<p class="p1"><b>La Spiritualité humaniste<br />
</b>Qu’est-ce que la spiritualité ? Est-elle uniquement réservée à la religion ? La spiritualité consiste en l’acceptation par une communauté de gents, à certaines valeurs morales qu’elles soient divines ou humaines. <span class="s1">Elle est censée permettre aux hommes de vivre en harmonie au sein d’une collectivité. </span>Les valeurs humanistes pourraient servir de bases à une spiritualité commune.</p>
<p class="p1"><b>Empathie, spiritualité et mysticisme<br />
</b>Dans ce texte, l’auteur soutient l’hypothèse que ces trois émotions : « empathie, spiritualité et mysticisme », sont de même nature, ce n’est qu’une différence de degrés qui les sépare.<br />
Il affirme que la différence de degrés qui séparent ces trois émotions est en lien direct avec la construction de l’ego de chaque individu. Il donne ainsi une explication psychologique au mysticisme, sans aucun lien avec une quelconque divinité.<br />
Ces émotions sont produites par l’esprit humain à partir de certaines croyances.</p>
<p class="p5"><b>Le destin psychologique<br />
</b>En ce qui concerne le profil émotionnel, ou le « caractère » de chacun, nous savons maintenant que tout se joue avant 10 ans. C’est ce profil émotionnel qui dessinera notre destin social au cours de notre vie, quelque soit notre niveau de culture ou de connaissances, notre comportement sera toujours lié à notre caractère.<br />
L’enfant, comme tous les mammifères, apprend par mimétisme, il reproduit dans ses jeux le comportement de ses parents. Peut-on sortir de ce conditionnement ? De ce cycle perpétuel qui nous enferme parfois dans des cercles vicieux ou des comportements contradictoires ?</p>
<p class="p5"><b>Le savoir et la croyance<br />
</b>Il existe plusieurs degré du « Croire ». De la simple opinion personnelle et subjectif, aux vérités partagées par tous. Il y a une inter-subjectivité qui conforte notre croyance. On accepte pour vrai, une proposition sans avoir la certitude de sa vérité.<br />
Mais ces croyances peuvent se modifier selon les époques et les découvertes scientifiques. Il existe parfois des blocages d’ordre psychologique, qui nous oblige à réfuter ou à oublier les faits scientifiques, pour s’accrocher désespérément à sa croyance. La logique d’un argument est alors biaisée, presque inconsciemment, par la croyance.</p>
<p class="p5"><b>Le juif athée<br />
</b>L’auteur évoque son parcours personnel et son évolution sceptique face aux croyances religieuses. C’est pour lui, l’occasion de retracer les 2000 ans d’histoire du peuple juif.</p>
<p class="p5"><b>La Paix universelle<br />
</b>De tout temps, les états se sont fait la guerre pour la domination et la possession des richesses. Les conflits d’intérêts les poussent à l’affrontement armé. Chaque état se sent menacé et doit se préparer au conflit, dans une sorte de paranoïa collective.<br />
Au XVIIIe siècle, dans « Pour une paix perpétuelle », Kant explique que la recherche de la paix est un impératif moral de la raison. Il voit dans la progression des Lumières les signes encourageants d&rsquo;une marche en avant vers les conditions d&rsquo;une paix perpétuelle.</p>

<p>De Marc Charbit</p>
<p class="p1">Format eBook PDF, format 21×29,5 cm,</p>
<p class="p1">Editeur : Agence M – ISBN : 979-10-94300-12-1.</p>
<p class="p1">Version e.book PDF : 3€</p>
<p class="p1">Envoyé directement par email</p>
